 -1). Is 116 - (-3 - z/5) prime?
False
Let a(t) = 290*t + 13. Let w = 85 - 77. Is a(w) a prime number?
True
Suppose -11728 = 3*w - 11*w. Is w a prime number?
False
Suppose 3*f + w = 1000, 625 + 19 = 2*f - 5*w. Is (-7)/21 - f/(-6) a composite number?
True
Suppose -35327 - 87321 = -4*h. Is h a composite number?
True
Let q(m) = -m**3 - 17*m**2 - 6*m + 19. Let b(h) = -2*h + 11. Let j be b(14). Let l be q(j). Suppose 0 = -2*p + 109 + l. Is p composite?
True
Suppose -5*q + 1684 - 11304 = 0. Is 1/((-3852)/q + -2) prime?
False
Is 957366/378 + -1 + 9/7 composite?
True
Suppose 6*w = 13*w - 83881. Is w a prime number?
False
Let n be (-4)/18 + (-58)/(-18). Suppose 0 = -4*m - n*j - 2, 5*j + 10 = 2*m + j. Let v = 66 - m. Is v a composite number?
True
Let f be 2 + (0 - (-10 - -2)). Suppose -3*i + f = 5*c, i - 5*i + c = -21. Suppose 388 + 1077 = i*h. Is h prime?
True
Let q(b) = 2*b**3 - 5*b**2 - 5*b + 7. Let o(r) = r + 12. Let s be o(-12). Suppose -3*h = -s - 12. Is q(h) a prime number?
False
Suppose 5*f + 1688 = 9*f. Let z = 296 + f. Is z composite?
True
Suppose 55*v = 2093603 + 1628742. Is v composite?
False
Suppose -81*z + 16 = -77*z. Suppose 9*h - 10895 = z*h. Is h prime?
True
Suppose -5 = -f + 2*u + 1, 4*u + 4 = 0. Let r(w) = 6*w - 4. Let k be r(f). Is (4/k)/((-2)/(-2230)) a prime number?
True
Let k = -68 - -53. Let n = k + 37. Is n a composite number?
True
Suppose 3*r - 3*a - a + 4120 = 0, 0 = -5*r - 2*a - 6858. Let n = 116 - r. Suppose -5300 = -4*s - n. Is s a prime number?
True
Let o = 40 + -36. Suppose -303 = -o*u - b, 3*u + 0*b = -b + 226. Is u a prime number?
False
Let t = 2525 - 1252. Is t a prime number?
False
Let z = -8 - -10. Let b(a) = -a - 3 + 6 + 0*a + 10*a**z - a**3 - 4*a**2. Is b(4) prime?
True
Let a be (2/(-5))/((-3)/(-15)). Let z be a/(-1) + -2 - 0. Is (-1)/(-1) + 328 + z a composite number?
True
Suppose 4*b = 4*c - 525672, -3*b - 4*b = 35. Is c prime?
True
Is 6 + -2 + 2*8445/6 a composite number?
False
Let r(b) = 48*b - 25. Let k be r(9). Let q = -493 + 343. Let u = q + k. Is u composite?
False
Let f(b) = -3*b + 3. Let d be f(6). Let c be d*(1 + (-21)/9). Is (1346/10)/(4/c) a prime number?
True
Suppose -2*z + 2328 + 70 = 0. Is z prime?
False
Let o be 1444/10 + (-9)/(-15). Is (0 + 58)*o/10 a prime number?
False
Suppose -153806 = -27*b + 110713. Is b composite?
True
Suppose 3*n = -k + n - 5817, -k = 3*n + 5820. Let v = -902 - k. Is v a composite number?
False
Let a(t) = 68*t + 41. Let d(f) = -f**3 + 17*f**2 - 17*f + 26. Let y be d(16). Is a(y) a composite number?
True
Suppose -7*b = -5*b. Suppose b*v - 650 = 5*v. Is ((-2)/1)/(10/v) a composite number?
True
Let i(d) be the second derivative of -d**5/20 + 17*d**4/12 + 10*d**2 + 8*d. Let x be i(16). Let h = 437 - x. Is h prime?
False
Suppose 6*h = 3*h - 18. Is (-50946)/h - (0 + 3 - 7) a composite number?
True
Suppose 3*z + 5 = -4. Is (1 + z/6)*254 composite?
False
Suppose -21*c + 6127 = -4226. Is c a composite number?
True
Suppose 2*y - 3*k = -2*k + 1125, 0 = y + 5*k - 590. Let u be (33/(-12))/((-1)/12). Suppose 0 = -38*v + u*v + y. Is v a composite number?
False
Let o(f) = 14*f**3 + 44*f**2 - 208*f - 9. Is o(8) a prime number?
True
Suppose -2*z = -0*z - 6. Suppose k + k = z*r + 17, -2*r = 3*k - 6. Suppose k*i = 3*l - 267, -l - 6*i + 2*i + 89 = 0. Is l prime?
True
Suppose -40*f + 33*f + 46823 = 0. Is f prime?
True
Is ((-16171)/1)/(29 + -30) a composite number?
True
Let i(o) = -o**3 + 3*o**2 + 5*o + 10. Let g be i(5). Let s be 5/g - 290/(-6). Suppose -2 = 2*n - s. Is n a prime number?
True
Let o = 25 - 25. Suppose 3*k - 3*z - 2*z - 264 = 0, 5*k - 2*z - 421 = o. Is k a composite number?
False
Let s(o) = o**3 + 10*o**2 - 12*o - 3. Let l be s(-11). Suppose 0 = -3*f - 2 + l. Is (-7 + -45)*f/(-8) prime?
True
Suppose m - 5*m = 2592. Let u = -237 - m. Is u a prime number?
False
Let v = -825 + 6410. Is v a prime number?
False
Let b(w) be the first derivative of -3*w**2/2 + 19*w + 11. Is b(0) a prime number?
True
Suppose -2552 = -4*c - 4*x + 9328, 4*c = -5*x + 11885. Is c composite?
True
Let i(b) = -62 - 8*b**2 + 62 - 5*b**3 - 4*b. Let y be i(-5). Suppose 0*x - y = -5*x. Is x a prime number?
True
Let b(i) = i**2 + i + 3. Let f be b(0). Suppose -3*h = -2*h - f. Suppose 0 = -5*o + h*o + 406. Is o composite?
True
Is 7138174/531*(6/4 + 3) composite?
False
Suppose -2*s + 6*s + q - 19 = 0, 4*q = 12. Let m be 1/(4/2672*s). Suppose 4*n - 365 = m. Is n a composite number?
True
Let k(o) = 204*o**2 - 3*o - 4. Is k(-3) composite?
True
Let a = -296 - -3133. Is a a composite number?
False
Let z = 63 - 63. Suppose 0*x + 2*i = -4*x + 1886, -x - 5*i + 458 = z. Is x a prime number?
False
Let y(j) = 2175*j**2 - 5*j + 1. Is y(2) composite?
True
Suppose 0*f = 2*f + 6, -4*f + 473 = a. Is a a prime number?
False
Suppose 0 = a - 2, -5*x = -3*x - a - 66600. Is x prime?
True
Let b(n) = n**3 + 23*n**2 - 28*n + 106. Is b(-15) prime?
False
Let p be (-1 + (-12)/(-9))/((-1)/(-3)). Is p - -369 - 1*-3 prime?
True
Is ((-33)/(-165))/((-2)/(-43930)) prime?
False
Let t(d) = 5*d**2 + 32*d + 47. Is t(-30) prime?
False
Suppose 3*b - 19 = -2*f, -3*f + 16 = 2*b - 15. Suppose 2*l + 5*r = -26, 0 = -2*r + 3 - f. Is (-1)/(583/(-194) - l) a prime number?
False
Let n(w) = 41*w**2 - 2*w + 2. Let r be n(-3). Let d = r + -124. Suppose 3*f = -3*s + 237, 0 = -0*s + 3*s - f - d. Is s a composite number?
False
Let q(n) = -n - 6 - 3 + 7 - 4. Let k be q(-9). Suppose -k*o + 41 = -124. Is o a composite number?
True
Suppose 4*n = 9*n. Suppose -9*x = -n*x - 19449. Is x prime?
True
Is (708/(-72) - -9) + (-67295)/(-6) a prime number?
False
Let b = -2040 + 3052. Let i(v) = -138*v - 3. Let x be i(5). Let l = b + x. Is l a prime number?
False
Let g be -1*2 - (-11 + 5). Suppose -3*v = -v - g. Suppose -v*t - 4*q = -294, 3*t + 2*q + q - 429 = 0. Is t prime?
True
Suppose 3 = -5*s + 5*r - 47, 0 = -s - 3*r - 22. Let c = s + 10. Is (c - (-14)/4)*402 prime?
False
Is (3/3)/(-1*(-7)/18067) a composite number?
True
Is (1 - (227 - 0))*(-2263)/146 a prime number?
False
Suppose 2536 = 8*f - 52992. Is f a prime number?
False
Suppose -5*c + 0*z = -3*z + 2757, 0 = -z + 4. Let v = 258 - c. Is v composite?
True
Let a(w) = 6*w**2 - 9*w - 52. Let r be a(26). Let v = r - 2181. Is v a prime number?
False
Suppose -g + 0*g = 0. Suppose g = 3*y + 5*c + 389, -2*y + 2*c = 297 - 11. Let d = -43 - y. Is d a prime number?
False
Let k be 21/(-7) - (1 - -92). Let m = k + 347. Is m a prime number?
True
Let u(q) = -6*q**2 - 12*q - 18. Let i be u(-6). Let v = 373 + i. Is v prime?
True
Suppose 6749 - 40997 = -4*x - z, 3*z = -3*x + 25677. Is x prime?
True
Suppose -51*c + 250631 = -34*c. Is c prime?
False
Suppose i + 0*i = w, -6 = w - 4*i. Let u be 12/4 - (w + -1). Suppose 2*m + 5*q - 254 - 15 = 0, u*q - 133 = -m. Is m composite?
False
Suppose 0 = -f - 5*x + 16520, 0 = -f - 3*f + 2*x + 66146. Is f composite?
True
Suppose -v - 2*v = -6. Let j(f) = f**3 + 6*f**2 - f - 4. Let i be j(-6). Suppose -4*n = v*x - 200, i*n - n + 2*x = 47. Is n a prime number?
False
Let l(m) = 2086*m**2 - m - 1. Let u be l(-1). Suppose -3*s + u = -5*p, -598 = 5*s + 3*p - 4052. Let x = s + -471. Is x composite?
True
Suppose 22*b - 177824 = 6*b. Is b a prime number?
False
Let t(b) = -b**3 - 33*b**2 - 22*b + 55. Is t(-34) composite?
True
Let o = -45 - -45. Suppose o*v - 4*v + 4*g + 4364 = 0, -2*v - g = -2170. Is v a prime number?
True
Is -7*(-25)/70*(-934556)/(-10) prime?
False
Is 2564/(2 - 0) + (-13 - -13) a prime number?
False
Suppose -5*n = -35 - 0. Let d(p) = 36*p - 11 + 6 + 10. Is d(n) a composite number?
False
Is (-16378)/((-3)/3) - (-1 - 0) a composite number?
True
Suppose -2*x - 19 = 5. Is (-6)/x*(-6038)/(-1) composite?
False
Suppose -4*q - 5*q = -45. Let b(v) = 4*v**3 + 7*v**2 - v + 3. Is b(q) composite?
False
Suppose g = 2*f - 4*g + 2164, g = -5*f - 5437. Let u = -425 - f. Is u a prime number?
False
Let v(q) = -112*q**2 - 5*q - 3. Let a(l) = -56*l**2 - 2*l - 2. Let r(y) = -5*a(y) + 2*v(y). Let p be r(-3). Let h = -213 + p. Is h a composite number?
True
Suppose 4*f + 5*b = 46, 4*f + 4*b - 20 = 2*f. Suppose -f*a + 1575 = -3437. Is a a prime number?
False
Let d = 10 - 15. Let p(a) = 4*a**2 + 6*a - 5. Is p(d) composite?
True
Let g = 99995 + -63730. Is g a composite number?
True
Suppose 24305 = -6*d + 11*d. Is d a composite